ve of -1/3*p**3 - 1 - 1/2*p**2 + 20*p. Let o be n(0). Calculate the highest common factor of 140 and o.
20
Let j(v) = v**2 - 13*v + 42. Let a be j(5). Let l be (2/(-3))/2*-30. Calculate the highest common factor of l and a.
2
Let h(v) = 3*v + 51. Let i(d) = -5*d - 102. Let s(r) = -5*h(r) - 2*i(r). Let x be s(-11). What is the greatest common factor of 116 and x?
4
Suppose 0 = -i + 1 + 5. Suppose 3 = 2*u - 1. Suppose -s = -5, 0 = 3*h - u*s - 7 - 28. What is the greatest common factor of i and h?
3
Let y(b) = 13*b**2 + 3*b - 2. Let c be y(-3). Let a = -77 + c. Calculate the greatest common divisor of a and 87.
29
Let y be (-155)/(-20) + -4 + 26/8. Suppose -2*m = m - 105. Suppose j + y = m. Calculate the highest common factor of j and 7.
7
Let x(v) be the second derivative of -11*v**3/6 + 7*v**2/2 - 345*v. Suppose 4 = -5*y + 4*y. Let z be x(y). Calculate the greatest common factor of 17 and z.
17
Let m be ((-14)/(-5) + -2)/((-1)/25). Let l be 30/m*(0 - 110). Calculate the highest common divisor of 15 and l.
15
Suppose -4*o - 327 = -7*o. Suppose 4*j + 2*n - 84 = 0, -5*j - 3*n = 4 - o. Suppose 4*b = 12, -j = -3*a - b - 0*b. What is the greatest common factor of a and 4?
2
Let l = 32 + -12. Let a(p) = p**2 - 17*p + 5. Let d = -49 - -66. Let j be a(d). What is the highest common factor of j and l?
5
Let f be (-1)/6*3*-8. Suppose l = -2*l - g + f, 4*g = 3*l - 29. Calculate the highest common divisor of 24 and l.
3
Let z(p) = 4*p - 6. Let f be z(6). Let j(u) = 2*u**2 - 21*u - 18. Let r be j(f). Calculate the highest common factor of 28 and r.
28
Let o(r) = r**2 - 16*r - 38. Let c be o(16). Let h = c + 46. What is the highest common divisor of h and 32?
8
Let x = -55 + 88. Suppose -5 = 4*m - x. Let n = 4 + 3. What is the greatest common factor of n and m?
7
Suppose -3*a - 12 = -6*a. Let k = 24 + a. What is the greatest common factor of 4 and k?
4
Suppose -161 = 5*p - h - 0*h, -12 = 3*h. Let g = -32 - p. Calculate the highest common factor of g and 8.
1
Suppose 2*i - 4*l = 74, 2*i + 17*l - 13*l - 82 = 0. What is the highest common factor of i and 1131?
39
Let q = 6 + 3. Let p be 24/8 + (-5 - 0). Let i = p + 11. Calculate the highest common factor of i and q.
9
Suppose 69 = 8*g - 243. What is the highest common factor of 195 and g?
39
Let s(g) = g**3 + 8*g**2 - 9*g. Let n be s(-9). Let k(q) = -3*q + 72. Let z be k(n). Calculate the highest common divisor of 9 and z.
9
Suppose 0 = 7*q + 2329 - 5969. What is the highest common divisor of q and 40?
40
Let z be 2/10 - (-24)/30. Suppose -4*s - 4*l = 128, -l + 0 = -z. Let d = -1 - s. What is the greatest common divisor of d and 80?
16
Let r = -527 + 119. Let n = 573 + r. Calculate the highest common divisor of n and 33.
33
Let i = -2 - -4. Let y = 188 + -64. Let d = y - 121. Calculate the highest common factor of i and d.
1
Let d = -12 - -19. Let j(u) = -2*u**2 - 45*u - 51. Let r be j(-20). Calculate the greatest common divisor of d and r.
7
Suppose 5*d - 3*o = -6*o + 10, 4*o = -20. Let i be (-484)/(-55) + 1/d. What is the highest common factor of 72 and i?
9
Let m be 0 - 1326/(-7) - (-6)/(-14). What is the greatest common divisor of 21 and m?
21
Let n be (4/(-5))/(8/(-60)). Suppose i = n*i - 375. Suppose -625 = -5*q - f, 2*q - i = -3*f + 162. What is the greatest common factor of 14 and q?
14
Let x = -640 + 675. What is the highest common divisor of x and 25?
5
Suppose 5*d + 0*d - p - 140 = 0, -3*d + 5*p = -84. Suppose 2*i - 94 - 74 = -5*a, i - 84 = 5*a. What is the highest common factor of i and d?
28
Suppose 161 + 271 = 4*r. Calculate the highest common divisor of 4 and r.
4
Suppose -3*z + 219 = v + 48, -286 = -5*z - 2*v. What is the greatest common divisor of z and 238?
14
Suppose 2*d - 41 = -p, -12*p + 104 = 5*d - 10*p. Let c = 5 + -3. Calculate the greatest common divisor of c and d.
2
Let q(i) = i**3 - 36*i**2 + 70*i - 14. Let n be q(34). What is the highest common factor of n and 1242?
54
Let y = -38 + 56. Calculate the highest common divisor of 30 and y.
6
Let w = 12 - 9. Suppose 6*b - w*b = 66. Calculate the highest common divisor of b and 22.
22
Suppose 5*f + 4*t = 85, 3*f + 2*t + 28 - 81 = 0. Let o = 43 - 22. Calculate the highest common divisor of o and f.
21
Let x = -18 - -46. Let n(k) = -k**2 - 21*k - 30. Let s be n(-17). Let j be 0 + -4 - s*6/(-1). What is the highest common factor of j and x?
28
Suppose -5*r + 25 = 0, 4*w + 41 = 2*r - 41. Let p(i) = i**2 + 15*i + 2. Let j be p(-11). Let q = w - j. What is the greatest common factor of 264 and q?
24
Let q be -17*(-3)/(0 + 3). Let r = 20 - q. Suppose -4*y + 5 = -r. Calculate the greatest common divisor of y and 18.
2
Let f = 11 - 6. Suppose -18 = -2*y + 2*b, 0 = -3*y + b + 11 + 10. Let i be 3*f*8/y. Calculate the highest common divisor of i and 140.
20
Let v be (-115)/(-15)*(3 - -12). Calculate the greatest common divisor of 161 and v.
23
Suppose -22*a - 16 = -26*a. Suppose 3*s - 3*b - 6 + 3 = 0, a*b - 17 = -3*s. Suppose -s*k + 7 = -8. What is the highest common factor of 30 and k?
5
Let t(r) = r**2 - r. Let u be t(2). Suppose -4*q + 35 = -u*v - 95, 0 = q + 2*v - 40. Calculate the greatest common factor of q and 238.
34
Let r(i) = 43*i**2 + 169*i - 11. Let t be r(-4). Suppose -3*v - v + 28 = 0. Calculate the highest common factor of v and t.
1
Suppose -5 = -3*k + 7. Let g = -30 - -42. Calculate the greatest common factor of k and g.
4
Let z = -479 - -1942. What is the highest common divisor of z and 231?
77
Let n = -142 + 118. Let x be (n/(-10))/((-41)/(-40) - 1). What is the greatest common divisor of 144 and x?
48
Suppose 4 = -2*x, -4*w + 306 - 120 = 3*x. Let i(b) = 3*b**2 - 6*b + 10. Let a be i(4). Let t = w - a. Calculate the highest common divisor of 56 and t.
14
Let o be (-2 - -1)*(2 + 0). Let y be -6 + 5 - 34/o. Calculate the highest common divisor of 80 and y.
16
Let m = 21 + 222. Let h(p) = 2*p**2 + p - 1. Let j be h(-4). Calculate the highest common divisor of m and j.
27
Suppose 0 = -3*o - 3, 3*q - 5*o + 18 + 1 = 0. Suppose -4*j - 5 + 9 = 0. Let p = j - q. Calculate the greatest common factor of p and 9.
9
Let f(s) = -4*s - 2. Let w be f(-3). Suppose 4*q - 290 = 5*p, 187 = -3*p + 3*q + 2*q. Let y = 104 + p. What is the greatest common divisor of w and y?
10
Let z be (-406)/(-14) - (-5 - -1). Let i = z - 28. Calculate the greatest common divisor of 35 and i.
5
Suppose 5*n + 3*k = 955 - 87, 5*n + k - 876 = 0. What is the highest common divisor of 66 and n?
22
Let c(p) = p**3 + 4*p**2 - 4*p + 7. Let v be c(-5). Suppose 28 = -0*q - v*q. Let b be (q/(-3))/(8/48). What is the highest common factor of b and 7?
7
Let m(y) = 12*y - 15. Let d be m(6). Let g = -23 + 61. What is the greatest common divisor of g and d?
19
Let w = 13 - 8. Suppose -w*t + 254 = 14. Let x = -686 + 718. Calculate the greatest common factor of t and x.
16
Let p(o) = -o**3 + 5*o**2 + 19*o - 15. Let g be p(6). What is the greatest common divisor of g and 399?
21
Suppose -2*t + 0*t + 338 = 0. Suppose -3*o + 101 = -t. What is the highest common divisor of o and 36?
18
Let a be (2 + 46)/(-6)*(-1 + -1). Let l be 177 - (-1)/(0 - 1). What is the highest common divisor of l and a?
16
Let k be -5 - (122 + -4)*-2. Calculate the greatest common factor of k and 42.
21
Let f = 17 + -13. Let k be (1 - 5 - f)*-3. Calculate the greatest common divisor of 24 and k.
24
Let j(n) = n**3 - 6*n**2 + n - 4. Let v be j(6). Let b be (-6)/(-5)*(-135)/(-81). What is the greatest common factor of b and v?
2
Let s = 31 - 18. Suppose -v = s + 15. Let c be 6/(-14) + (-2532)/v. What is the highest common divisor of 10 and c?
10
Let v = -11 + -17. Let o = v - -49. Let x be 4/(-26) - (20240/(-130))/11. What is the highest common factor of o and x?
7
Let y be 206/9 + (-30)/(-270). Calculate the highest common factor of 92 and y.
23
Suppose 58 + 42 = 5*u + 5*c, -28 = -2*u - 5*c. What is the highest common divisor of u and 56?
8
Let b be 20/6*(44 - 38). Let r be 177/9 - (-2)/6. Calculate the highest common factor of b and r.
20
Let d(t) = -2*t + 3. Let c be d(-1). Suppose c*f + 3*m - 28 - 46 = 0, -80 = -5*f - 5*m. Calculate the highest common factor of 104 and f.
13
Let v be 39/(((-30)/70)/(-3)). What is the highest common divisor of 364 and v?
91
Let o be (-5 - -35)*6/9. Let s = -98 - -148. Calculate t